 greatest common divisor of z and 22?
22
Let k(b) = b**2 - 2*b - 28. Let u be k(-11). Suppose -277 = -6*s - u. What is the greatest common divisor of 189 and s?
27
Suppose 19 = b + 13. Suppose 20 = -q + b*q. Suppose -32 = -o - 5*k, -16 = -o - k - 0*k. What is the highest common factor of o and q?
4
Suppose -168*b + 34*b + 12810 = -46820. What is the greatest common divisor of 10 and b?
5
Let j be (((-624)/20)/(-2))/((-1)/(-15)). What is the highest common factor of j and 2028?
78
Let n = 17531 - 14662. What is the highest common divisor of 19 and n?
19
Let p(a) = a**2 - 6*a + 11. Let o be p(4). Suppose 2*u + o*v - 101 = 2*v, -215 = -5*u + 5*v. Calculate the greatest common factor of 6 and u.
6
Let d be 9/3*3/(3/2). Suppose -5*r + 2155 = -d*y + 5*y, 4*r + 2*y = 1710. Calculate the greatest common divisor of r and 30.
10
Let m(a) = -5*a - 22. Let l be m(-17). Let k(r) = 43*r**2 + 647*r + 39. Let q be k(-15). What is the highest common divisor of q and l?
9
Suppose 46*j - 1987 - 305 = 42*j. Calculate the greatest common divisor of j and 6112.
191
Let o = -195 - -65. Let i = -13 - o. Calculate the greatest common factor of 18 and i.
9
Let a = 804 + -767. Calculate the highest common factor of a and 333.
37
Let d(i) = -3*i**2 + 344*i + 482. Let l be d(112). Calculate the greatest common factor of l and 848.
106
Let q = -20049 - -20057. Let u(s) = 47 + s**2 + 19 - 10*s + 22 + 11*s. Let d be u(0). Calculate the highest common factor of d and q.
8
Let m = -157 - -159. Suppose 2*l + v - 179 = -0*l, -m*l = 4*v - 176. Calculate the greatest common factor of 120 and l.
30
Let x(d) = 70 + d + 14*d + 2*d - 21*d + 16*d. Let b be x(-5). Calculate the highest common factor of b and 20.
10
Let v = -4382 - -4419. Calculate the greatest common factor of 1813 and v.
37
Let l(o) = 830*o + 2509. Let w be l(-3). Let v(n) = -n**3 + 8*n**2 - 7*n + 1. Let f be v(7). Calculate the highest common factor of f and w.
1
Let v = 97 - 101. Let u be 15/(-12) + (-1)/v - -43. Calculate the highest common factor of 24 and u.
6
Suppose 41*t - 18 = 43*t. Let a be t/(-36) + (-22)/(-8) + -2. Suppose -a = y - 3. What is the highest common divisor of 3 and y?
1
Suppose 0 = -r - 2*t + 5207 + 1647, 3*t = -5*r + 34235. Calculate the greatest common divisor of 4 and r.
4
Let t(n) = -209*n + 1036. Let f be t(4). Calculate the highest common factor of f and 64.
8
Let f be 795/3 - ((-273)/(-35) + (-8)/10). Calculate the greatest common divisor of 16383 and f.
129
Let c = -653 + 909. Calculate the highest common factor of c and 208.
16
Let z = 0 + -6. Let l = z + 14. Let k be 45*(2/l - (-6)/8). What is the greatest common factor of k and 90?
45
Let n be ((-9130)/(-22))/(0 + (-2)/(-10)). What is the greatest common divisor of 125 and n?
25
Let s = 683 - 619. Calculate the highest common divisor of s and 1312.
32
Let x be ((-56)/77)/8 - (-300)/33. Calculate the greatest common divisor of 2853 and x.
9
Let y = 10 + 8. Suppose 0 = 5*i - 4*p - 2816, 3*p + 168 = -i + 716. Suppose 27*t + i - 2018 = 0. Calculate the greatest common factor of t and y.
18
Let i be (83/(-249))/((2/9)/(-2)). Suppose 0 = -4*s - 19 + i. Let y be 2*1/s + (-8112)/(-32). Calculate the greatest common divisor of y and 11.
11
Suppose -f - 23 = -2*h, 4*f = -5*h + 9*h - 40. What is the greatest common factor of h and 4563?
13
Let w be 7 - 1 - 3 - 1. Let g(v) = -v**3 + 2*v**2 - 2*v + 141. Let a be g(0). Let c = 173 - a. What is the greatest common factor of c and w?
2
Let v = -50 - -142. Let g = 52 + v. What is the greatest common divisor of 6 and g?
6
Let q = 16284 - 16047. Calculate the highest common factor of 6399 and q.
237
Let n be (-80 - -186) + -1*8. Calculate the greatest common divisor of n and 5194.
98
Suppose -500 = -2*c - 32. Let g = c - 181. Calculate the highest common divisor of 371 and g.
53
Suppose 2*p + 2*c - 2 = c, -29 = -3*p + 5*c. Suppose -p = -2*g + 1. Suppose 60 = 4*i - r - 3*r, g*i + r = 15. What is the highest common factor of 20 and i?
10
Let t(d) be the first derivative of 9*d**2 - 32*d + 9. Let g be t(12). Let k be (-1)/((-8)/g) - (1 - 2). What is the greatest common divisor of k and 6?
6
Let a = 108 + -105. Let q(m) = m**3 - 2*m**2 - 2*m + 3. Let x be q(a). Suppose 2*w + x = 8. What is the highest common factor of w and 7?
1
Suppose -11*v = 14*v - 100. Suppose 0 = s - 4*f - 268, 17*f = 16*f - v. Let c be (3 - (1 + 9))*-4. Calculate the greatest common divisor of c and s.
28
Suppose 0 = -3*i - 3*p + 18444, -4*i + 8*p - 6*p + 24598 = 0. What is the greatest common factor of 715 and i?
143
Let a(l) = l**3 - 16*l**2 - 18*l + 19. Let c be a(17). Suppose -4*o + c = -6. Suppose -p = -o - 54. What is the highest common divisor of p and 8?
8
Let o(q) = -10*q - 36. Let l = -117 - -113. Let j be o(l). Let x(t) = 8*t - 20. Let n be x(j). What is the highest common factor of n and 132?
12
Suppose -25915 + 26055 = 10*l. Calculate the highest common factor of l and 15526.
14
Suppose 2091 + 1034 = -3*w + 5*z, 2*w - 3*z = -2085. Let t be (6 - 3)/((-3159)/w - 3). Calculate the highest common divisor of 14 and t.
14
Suppose 5*c = 2*a - 110, 2*a - 6*c - 86 = -7*c. Suppose -5*l + 0 = -a. What is the greatest common divisor of 24 and l?
3
Suppose -8*k = -20*k + 7692. Let v = 657 - k. Calculate the greatest common divisor of 736 and v.
16
Let y be (-2216)/(-40) - (12/(-10))/2. Let g be 28/8*8*8. Suppose o + q - g = 0, 0 = -0*o + 4*o + 3*q - 896. What is the greatest common divisor of o and y?
56
Let p(d) = 5*d - 185. Let j be p(-31). Let o = 353 + j. What is the highest common factor of o and 221?
13
Suppose -4*w - 4*i + 1850 = 350, w - 370 = -2*i. What is the highest common factor of 90 and w?
10
Let a be 1365/(-3) + (8 - 11). Let s = 574 + a. What is the highest common factor of s and 145?
29
Let s be (90/135)/(1/3). Suppose g - 4*g + 64 = -s*j, 0 = -5*g + 5*j + 110. Calculate the greatest common divisor of g and 16.
4
Let f(n) = 2*n**2 - 20*n + 78. Let q be f(9). What is the greatest common divisor of q and 300?
60
Let u be (-6)/(-4)*(-5 - -3). Let b(h) = 3 - 7 + 567*h + 1 - 6 - 576*h. Let j be b(u). What is the highest common factor of 45 and j?
9
Let l(i) = -254*i - 26. Let n be l(-2). Suppose -314 = 6*t - n. Calculate the greatest common factor of t and 42.
14
Let x be 1*(-12 - 6) + 1. Let a = x + 137. Calculate the greatest common factor of 32 and a.
8
Let m = 12054 - 10175. What is the greatest common factor of 1 and m?
1
Suppose 4*d - 20 = 0, -5*q - 2*d = 3*d - 1635. Let m be (q/(-49) + -2)/((-2)/14). What is the greatest common divisor of m and 40?
20
Suppose 6256 = 6*q - q + 3*u, -2503 = -2*q - u. Suppose -2*k + q = 1193. Calculate the greatest common divisor of k and 510.
30
Suppose 4*i - 3*i - 3*p - 156 = 0, -10 = 5*p. Suppose 5*l + 5*o = 195, -3*o = 5*l - 41 - i. Calculate the highest common divisor of l and 111.
37
Suppose 0 = -2*m - 4*p - 145 + 545, -2*p = -2*m + 400. Calculate the greatest common factor of 300 and m.
100
Suppose 0 = 8*o - 36 + 4. Let y(i) = i**3 + 4*i**2 + 12*i + 26. Let s be y(-2). Calculate the highest common divisor of s and o.
2
Let t = -4513 - -5789. What is the highest common divisor of t and 99?
11
Let n be (2 - (1 + -662))*222/333. What is the highest common factor of n and 4?
2
Let h(v) = 9*v**2 + 6*v + 56. Let w be h(-6). What is the highest common divisor of w and 8?
8
Let w = -110 + 695. Calculate the greatest common factor of w and 169.
13
Let k = 53679 + -31918. What is the greatest common divisor of 141 and k?
47
Suppose -119*q + 415 = -894. Calculate the greatest common divisor of 3553 and q.
11
Suppose -h = o - 224, 50 = -5*o + 35. Calculate the greatest common divisor of h and 8.
1
Let z = -594 - -596. Suppose -3*r + z = -2*n, n + 26*r - 25 = 21*r. Suppose -9 = -5*l - d - 0*d, -2*l + 6 = d. Calculate the greatest common factor of n and l.
1
Suppose 2*s = -5*j + 412 + 5063, -5*s = -3*j - 13610. What is the greatest common divisor of s and 75?
25
Let t be ((-72)/(-10))/(3/10). Let o(x) = -3*x**3 - x**2 + 6. Let j be o(-3). Suppose 53*r + 200 = j*r. What is the greatest common divisor of t and r?
8
Let v(k) = 160*k**2 - 9*k - 14. Let u be v(-2). What is the greatest common factor of u and 35?
7
Let v be 6/14 + 61655/133. Suppose -3*c = -v + 392. What is the greatest common